f c.
2, 5
Suppose 0 = -12*l + 9*l + 285. List the prime factors of l.
5, 19
Let s be 2 - 5/(5/8). Let u = s - -8. List the prime factors of u.
2
Suppose 0 = 3*t + 23 - 374. List the prime factors of t.
3, 13
Let q(h) = -h**3 + h**2 + 1. Let z(j) = j**3 - 3*j**2 + 3*j - 4. Suppose -d + 4 = -3*d. Let r(k) = d*q(k) - z(k). What are the prime factors of r(2)?
2
Let u(a) be the first derivative of -3 + 2*a + 1/3*a**3 - 3*a**2. What are the prime factors of u(7)?
3
Let w be 3/9*-1*-15. Suppose w*n = 24 - 9. Suppose -n*h + 3*l + 16 + 14 = 0, 3*h = 2*l + 32. What are the prime factors of h?
2, 3
Let b be 12/2*(-4)/(-8). Let f be (-10)/4 - b/6. List the prime factors of (f - -5)/((-2)/(-12)).
2, 3
Suppose 0 = 3*x + 2*m - 7, 0*m - 10 = -3*x + m. Suppose x*b - 11 - 28 = 0. What are the prime factors of b?
13
Let b = -7 + -29. Let d = b + 66. What are the prime factors of d?
2, 3, 5
Let y(j) = 6*j - 5*j**2 + 2*j**2 + 6 + 2*j**2. List the prime factors of y(5).
11
Let k(r) = 4*r + 1. Let c be k(1). Suppose -g + 172 = -4*v, 0 = 5*g + 15 + 5. What are the prime factors of v/(-5) + 1/c?
3
Suppose -3*u = -2*u - 6. What are the prime factors of 1 + u + -2 - 0?
5
Let p = -67 - -165. What are the prime factors of p?
2, 7
Suppose -3*t + 2*o + 19 = 0, 3*o + 2 - 6 = -2*t. Suppose 3*m + 5*h - 28 = 0, -m - t*h + 22 = -4*m. Suppose -z + 7 = m. What are the prime factors of z?
2, 3
Let r(y) = 10*y**2 - 25*y + 28. Let u(c) = 3*c**2 + 3 + 9 - 17*c + 9*c - 3. Let p(g) = -2*r(g) + 7*u(g). What are the prime factors of p(6)?
7
Let o(w) = 4 + 0 - w - 2. List the prime factors of o(0).
2
Let n = -8 + 12. Let d = 6 - n. What are the prime factors of d/(-3) + (-8)/(-3)?
2
Let z = -4 - -7. Suppose -z*o = -5 - 4. Suppose -o*f - f = -2*h, -3*f - 1 = -2*h. List the prime factors of h.
2
Suppose -6*z + 109 + 41 = 0. What are the prime factors of z?
5
Let t(y) be the third derivative of -y**5/30 - y**4/6 - y**2. Let n(j) = -2*j**2 - 3*j. Let m(p) = -3*n(p) + 2*t(p). What are the prime factors of m(1)?
3
Suppose 2*d - 94 = -v, -5*v + 388 = -v + 2*d. List the prime factors of v.
2, 7
Suppose -c - 6*f + f = 26, c + 16 = -3*f. List the prime factors of c/6 + 157/6.
2, 13
Suppose 0 = 2*h + 4, 0 = -b - 3*h + 2*h - 4. Let d = 8 + b. Suppose 5*l - d = 2*l. What are the prime factors of l?
2
Let w be 0 - 2/(2/(-5)). Suppose 0 = l + 2*j - 6*j - 23, 2*l = w*j + 31. Let q = l - -6. What are the prime factors of q?
3
Let m(k) = -3*k + k**2 + 4*k - 2 + 1 - 4*k. What are the prime factors of m(4)?
3
Suppose 0 = -13*z + 3606 + 255. What are the prime factors of z?
3, 11
Suppose 7*v - 359 = 159. List the prime factors of v.
2, 37
Let y(a) = -3*a + 2*a + 3 - 9. Let u be y(-6). Let i(t) = -t**2 + 10. List the prime factors of i(u).
2, 5
Suppose 0 = -l - 4*l + 25. Suppose l*z + 7*h - 2*h = 10, 5*z - h = 28. Let s = z - 1. List the prime factors of s.
2
Let f = -10 - -18. List the prime factors of f.
2
Let j = -2 + -6. What are the prime factors of (4/j)/((-2)/12)?
3
Let k be ((-12)/(-14))/(1/7). Suppose k*v - 2*v - 16 = 0. What are the prime factors of v?
2
Suppose -1 = 2*o - 5*t, 3*t = -4*o + 2*t + 9. Suppose g + 43 = o*g. List the prime factors of g.
43
Let j = -4 + 8. Let h = j + -4. Suppose -4*v + 101 = -4*m + 5, 5*v + 5*m - 90 = h. List the prime factors of v.
3, 7
Let m be 10/(-15)*(-1 + -2). Suppose 49 + 23 = m*i. List the prime factors of i.
2, 3
Let a(j) = 11 - j**2 - 4*j - 3*j - 5*j + 3*j. What are the prime factors of a(-8)?
19
Suppose -5*g + 9 = 4*r - 4, 5*g - 3*r - 34 = 0. Let i be 0*(-1 - (0 + 0)). Suppose -s - 2*a + 3*a + 26 = i, -15 = g*a. List the prime factors of s.
23
Suppose 0 = p - 3*z - 4 - 9, z + 3 = 0. Suppose -p*s + 2 = -10. What are the prime factors of s?
3
Let x be -2 - 2/6*9. Let j = x - -12. List the prime factors of j.
7
Let o(m) = -m**3 - m**2 + 4*m - 8. What are the prime factors of o(-5)?
2, 3
Let g(v) = v**3 - 5*v**2 + 6. Let k be g(6). Let z = -30 + k. List the prime factors of z.
2, 3
Let s(n) = -n**2 + n - 1. Let d be s(-3). Let p = d + 33. Suppose p = 4*t + q, 0*t + 4*t - 4 = 3*q. What are the prime factors of t?
2
Suppose 5*l + v - 7 + 2 = 0, -25 = -3*l - 5*v. Suppose l = -r + 4*r + 27. Let n(s) = s + 19. List the prime factors of n(r).
2, 5
Let s = 87 - 45. Let w = -8 + s. What are the prime factors of w?
2, 17
Let s be (28/42)/(4/6). What are the prime factors of s*55 + (1 - -1)?
3, 19
Let g(k) be the second derivative of 2*k**2 + 2*k + 1/6*k**3 + 0. List the prime factors of g(4).
2
Let z = 33 + -16. Suppose 8 = q - z. List the prime factors of q.
5
Let c(i) = i - 1. Let z(q) = -q**3 + 4*q**2 - 3. Let u(o) = -3*c(o) - z(o). List the prime factors of u(5).
2
Suppose 536 = -8*f + 1560. List the prime factors of f.
2
Suppose -2*y + 7*y - 10 = 0. Let a be -1 - (-2 - 0/y). Suppose 0 = -3*p + 6, 2*h - p = 3 + a. What are the prime factors of h?
3
Suppose 0 = -4*a + 4*l, -5*a + 0 = -4*l - 3. Suppose -a*y + 117 = -6. Suppose -4*f + y = 3*i, -37 = -5*f - 0*f + i. List the prime factors of f.
2
Suppose -6*j - 9 = -4*j + 5*n, 2*j + 2*n - 6 = 0. Let v = j + 11. List the prime factors of v.
19
What are the prime factors of (2 + (-295)/20)*-4?
3, 17
Let p be 5/20 - 63/(-4). Suppose -5*z = -44 - p. List the prime factors of z.
2, 3
Let t = 343 + -201. What are the prime factors of t?
2, 71
Let b(h) = 3*h + 3*h**3 - 2*h**3 + 6*h. Let m(x) = x**2 - x + 1. Let o(k) = -b(k) - 4*m(k). What are the prime factors of o(-3)?
2
Suppose 0*a - 2*x - 22 = -4*a, 0 = -5*a - 3*x + 11. What are the prime factors of a?
2
Suppose -3*g + 6*t - t = -251, -3*t - 397 = -5*g. List the prime factors of g.
7, 11
Let s(t) = -2*t + 4. Suppose 10 = -d + 3*d. Let m be s(d). Let q = 13 + m. What are the prime factors of q?
7
Suppose 5*u + 64 = -4*c + 259, u + 60 = c. What are the prime factors of c?
5, 11
List the prime factors of (35/(-15) - -9)/((-2)/(-30)).
2, 5
List the prime factors of (2/(-3))/((-4)/282).
47
Let n(b) = -b + 34. List the prime factors of n(-26).
2, 3, 5
Let w = 234 - 90. Suppose 4*q - 4*x = w, 2*q - 2*x = -5*x + 62. What are the prime factors of q?
2, 17
Suppose 0*m + 2*m - 14 = 3*y, 4*m + 5*y = 6. Suppose -m*q = q. Suppose q = -2*u + 15 + 7. List the prime factors of u.
11
Let o be (-3)/((-2)/(-8) + -1). List the prime factors of o + -2 + 0 - -7.
3
Let l = 3 - 1. Suppose u = -2*p, 0*u - 3*u = l*p. Suppose u*v = -3*v + 24. List the prime factors of v.
2
What are the prime factors of 136/(4/1 - 2)?
2, 17
Let t be (-2)/(-7) + 144/(-63). Let d = t + 18. What are the prime factors of d?
2
Let j(v) = 9*v - 3. List the prime factors of j(2).
3, 5
Let y(h) = -h**2 + 10*h + 9. List the prime factors of y(8).
5
Let x = 5 - 5. Let v = 3 + x. What are the prime factors of v?
3
Let s be (1 - 0)/(1/3). Let a be 2/(-2) - s*-1. Suppose -y - 29 = -4*y + a*l, 3 = y + l. What are the prime factors of y?
7
Suppose a = -b + 5, -5*b + 0 = a + 3. Suppose 36 = -6*c + a*c. List the prime factors of c.
2, 3
Suppose 0 = -7*d - 9*d + 1616. List the prime factors of d.
101
List the prime factors of (93 - -2) + 5/(15/9).
2, 7
Let a(h) = h - 2. Let d be a(2). Suppose 4*j + d*j - 16 = 0. What are the prime factors of (-2)/j*(-12)/1?
2, 3
Let w(l) = 10*l**2 + 2*l + 1. What are the prime factors of w(2)?
3, 5
Let v be (5*(2 + -3))/(-1). Suppose 4*g + 7 = v*j, 0 = 2*j - g - 2*g. What are the prime factors of j?
3
Suppose 61 - 157 = -r. List the prime factors of r.
2, 3
Let n = 3 + 6. Let d(p) = 4*p**2 + 5*p**2 - 2*p + p**3 - 2 - n*p - p. What are the prime factors of d(-10)?
2, 3
Suppose 4*b + 12 = -0*b. Let g = 27 + b. List the prime factors of g.
2, 3
Let q be (3 - (2 - 0))*-3. Let t = 32 + q. Suppose -r + t = 4*c - 0*r, r = 5*c - 34. What are the prime factors of c?
7
Suppose 5*f - 10 = -2*n + 4*n, -4*f + 5*n + 8 = 0. Let k be f/(-3) + (-464)/(-12). Let j = -26 + k. List the prime factors of j.
2, 3
Suppose 0 = -0*f + f. Suppose g - 1 = f, 2*s - s = 5*g. Suppose s*i - 3*u = -5*u + 18, u = -4*i + 15. What are the prime factors of i?
2
Let t be 1 + 2*(-70)/(-4). What are the prime factors of (-8)/t - 688/(-18)?
2, 19
Let a = -131 + 237. What are the prime factors of a?
2, 53
Let s(r) = -r**2 + 1. Let w be s(-1). Suppose 3*l - 75 = -w*l. What are the prime factors of l?
5
Suppose -37 = -2*d + 41. List the prime fa